{"id":20759,"date":"2024-02-08T09:46:23","date_gmt":"2024-02-08T09:46:23","guid":{"rendered":"https:\/\/euroimmobiliaremalta.eu\/?post_type=estate_property&#038;p=20759"},"modified":"2024-02-08T09:46:23","modified_gmt":"2024-02-08T09:46:23","slug":"quadrilocale-a-swatar-rif-12815","status":"publish","type":"estate_property","link":"https:\/\/euroimmobiliaremalta.eu\/index.php\/immobili\/quadrilocale-a-swatar-rif-12815\/","title":{"rendered":"Quadrilocale a Swatar Rif. 12815"},"content":{"rendered":"<p>In vendita, questa moderna propriet\u00e0 offre la flessibilit\u00e0 di finiture personalizzabili. Offre l&#8217;opzione di essere acquistata con un investimento aggiuntivo, che include l&#8217;installazione di porte interne e la completa realizzazione dei bagni. Attualmente in costruzione, offre al futuro proprietario la possibilit\u00e0 unica di scegliere la configurazione desiderata: optare per una disposizione di tre camere da letto e tre bagni, oppure ampliare lo spazio abitativo con una quarta camera da letto e un quarto bagno. L&#8217;architettura interna \u00e8 stata concepita per essere versatile, assicurando che entrambe le configurazioni si integrino armoniosamente con il design complessivo.<\/p>\n<h4><strong><span style=\"color: #f06c24;\">CARATTERISTICHE PRINCIPALI<\/span><\/strong><\/h4>\n<p><strong>Posizionata al primo piano, la propriet\u00e0 e comodamente raggiungibile tramite ascensore ed \u00e8 composta dalla zona giorno adibita a:<\/strong><\/p>\n<ul>\n<li>Soggiorno<\/li>\n<li>Cucina<\/li>\n<li>Zona pranzo<\/li>\n<li>Bagno di servizio<\/li>\n<\/ul>\n<p><strong>La zona notte \u00e8 invece composta da:<\/strong><\/p>\n<ul>\n<li>Camera padronale con bagno privato<\/li>\n<li>Camera matrimoniale con bagno privato<\/li>\n<li>Camera matrimoniale<\/li>\n<\/ul>\n<h4><strong><span style=\"color: #f06c24;\">LA ZONA<\/span><\/strong><\/h4>\n<p>Swatar, un incantevole villaggio situato su una collina, si annida tra le vivaci localit\u00e0 di Birkirkara e Msida, nel cuore di Malta. Quest&#8217;area \u00e8 rinomata per la sua prossimit\u00e0 all&#8217;Ospedale Mater Dei e all&#8217;Universit\u00e0 di Malta, rendendola una posizione strategica sia per studenti che per professionisti del settore sanitario. Tale vicinanza trasforma Swatar in un&#8217;opzione ideale per investimenti immobiliari orientati alla locazione.<\/p>\n<p>La localit\u00e0 di Swatar si distingue per la sua popolarit\u00e0 tra gli studenti universitari e i partecipanti al programma Erasmus, grazie alla sua offerta abitativa adatta alle loro esigenze. Questo villaggio non \u00e8 solo un punto di riferimento per l&#8217;affitto di alloggi; \u00e8 anche un luogo di vita tranquillo e desiderabile. I suoi quartieri moderni, dotati di ogni comfort e servizio, fanno di Swatar una scelta privilegiata per chi cerca un ambiente vivace ma allo stesso tempo sereno per abitare.<\/p>\n<h4><strong><span style=\"color: #f06c24;\">CONTATTI<\/span><\/strong><\/h4>\n<p>+39 030 36 36 48<br \/>\ninfo@euroimmobiliare.eu<br \/>\nRif. Immobile: 12815<\/p>\n","protected":false},"excerpt":{"rendered":"<p>In vendita, questa moderna propriet\u00e0 offre la flessibilit\u00e0 di finiture personalizzabili. Offre l&#8217;opzione di essere acquistata con un investimento aggiuntivo, che include l&#8217;installazione di porte interne e la completa realizzazione dei bagni. Attualmente in costruzione, offre al futuro proprietario la possibilit\u00e0 unica di scegliere la configurazione desiderata: optare per una disposizione di tre camere da letto e tre bagni, oppure ampliare lo spazio abitativo &#8230;<\/p>\n","protected":false},"featured_media":20760,"comment_status":"open","ping_status":"closed","template":"","property_category":[89],"property_action_category":[41],"property_city":[77],"property_area":[113],"property_county_state":[87],"property_features":[84,83],"property_status":[55],"class_list":["post-20759","estate_property","type-estate_property","status-publish","has-post-thumbnail","hentry","property_category-quadrilocale","property_action_category-in-vendita","property_city-malta","property_area-msida","property_county_state-malta","property_features-ottima-posizione","property_features-vista-panoramica","property_status-nuova-offerta"],"aioseo_notices":[],"_links":{"self":[{"href":"https:\/\/euroimmobiliaremalta.eu\/index.php\/wp-json\/wp\/v2\/estate_property\/20759","targetHints":{"allow":["GET"]}}],"collection":[{"href":"https:\/\/euroimmobiliaremalta.eu\/index.php\/wp-json\/wp\/v2\/estate_property"}],"about":[{"href":"https:\/\/euroimmobiliaremalta.eu\/index.php\/wp-json\/wp\/v2\/types\/estate_property"}],"replies":[{"embeddable":true,"href":"https:\/\/euroimmobiliaremalta.eu\/index.php\/wp-json\/wp\/v2\/comments?post=20759"}],"wp:featuredmedia":[{"embeddable":true,"href":"https:\/\/euroimmobiliaremalta.eu\/index.php\/wp-json\/wp\/v2\/media\/20760"}],"wp:attachment":[{"href":"https:\/\/euroimmobiliaremalta.eu\/index.php\/wp-json\/wp\/v2\/media?parent=20759"}],"wp:term":[{"taxonomy":"property_category","embeddable":true,"href":"https:\/\/euroimmobiliaremalta.eu\/index.php\/wp-json\/wp\/v2\/property_category?post=20759"},{"taxonomy":"property_action_category","embeddable":true,"href":"https:\/\/euroimmobiliaremalta.eu\/index.php\/wp-json\/wp\/v2\/property_action_category?post=20759"},{"taxonomy":"property_city","embeddable":true,"href":"https:\/\/euroimmobiliaremalta.eu\/index.php\/wp-json\/wp\/v2\/property_city?post=20759"},{"taxonomy":"property_area","embeddable":true,"href":"https:\/\/euroimmobiliaremalta.eu\/index.php\/wp-json\/wp\/v2\/property_area?post=20759"},{"taxonomy":"property_county_state","embeddable":true,"href":"https:\/\/euroimmobiliaremalta.eu\/index.php\/wp-json\/wp\/v2\/property_county_state?post=20759"},{"taxonomy":"property_features","embeddable":true,"href":"https:\/\/euroimmobiliaremalta.eu\/index.php\/wp-json\/wp\/v2\/property_features?post=20759"},{"taxonomy":"property_status","embeddable":true,"href":"https:\/\/euroimmobiliaremalta.eu\/index.php\/wp-json\/wp\/v2\/property_status?post=20759"}],"curies":[{"name":"wp","href":"https:\/\/api.w.org\/{rel}","templated":true}]}}

<p>In vendita, questa moderna proprietà offre la flessibilità di finiture personalizzabili. Offre l&#8217;opzione di essere acquistata con un investimento aggiuntivo, che include l&#8217;installazione di porte interne e la completa realizzazione dei bagni. Attualmente in costruzione, offre al futuro proprietario la possibilità unica di scegliere la configurazione desiderata: optare per una disposizione di tre camere da letto e tre bagni, oppure ampliare lo spazio abitativo con una quarta camera da letto e un quarto bagno. L&#8217;architettura interna è stata concepita per essere versatile, assicurando che entrambe le configurazioni si integrino armoniosamente con il design complessivo.</p>
<h4><strong><span style="color: #f06c24;">CARATTERISTICHE PRINCIPALI</span></strong></h4>
<p><strong>Posizionata al primo piano, la proprietà e comodamente raggiungibile tramite ascensore ed è composta dalla zona giorno adibita a:</strong></p>
<ul>
<li>Soggiorno</li>
<li>Cucina</li>
<li>Zona pranzo</li>
<li>Bagno di servizio</li>
</ul>
<p><strong>La zona notte è invece composta da:</strong></p>
<ul>
<li>Camera padronale con bagno privato</li>
<li>Camera matrimoniale con bagno privato</li>
<li>Camera matrimoniale</li>
</ul>
<h4><strong><span style="color: #f06c24;">LA ZONA</span></strong></h4>
<p>Swatar, un incantevole villaggio situato su una collina, si annida tra le vivaci località di Birkirkara e Msida, nel cuore di Malta. Quest&#8217;area è rinomata per la sua prossimità all&#8217;Ospedale Mater Dei e all&#8217;Università di Malta, rendendola una posizione strategica sia per studenti che per professionisti del settore sanitario. Tale vicinanza trasforma Swatar in un&#8217;opzione ideale per investimenti immobiliari orientati alla locazione.</p>
<p>La località di Swatar si distingue per la sua popolarità tra gli studenti universitari e i partecipanti al programma Erasmus, grazie alla sua offerta abitativa adatta alle loro esigenze. Questo villaggio non è solo un punto di riferimento per l&#8217;affitto di alloggi; è anche un luogo di vita tranquillo e desiderabile. I suoi quartieri moderni, dotati di ogni comfort e servizio, fanno di Swatar una scelta privilegiata per chi cerca un ambiente vivace ma allo stesso tempo sereno per abitare.</p>
<h4><strong><span style="color: #f06c24;">CONTATTI</span></strong></h4>
<p>+39 030 36 36 48<br />
info@euroimmobiliare.eu<br />
Rif. Immobile: 12815</p>

<p>In vendita, questa moderna proprietà offre la flessibilità di finiture personalizzabili. Offre l&#8217;opzione di essere acquistata con un investimento aggiuntivo, che include l&#8217;installazione di porte interne e la completa realizzazione dei bagni. Attualmente in costruzione, offre al futuro proprietario la possibilità unica di scegliere la configurazione desiderata: optare per una disposizione di tre camere da letto e tre bagni, oppure ampliare lo spazio abitativo &#8230;</p>
