{"id":19421,"date":"2022-05-05T10:50:24","date_gmt":"2022-05-05T10:50:24","guid":{"rendered":"https:\/\/euroimmobiliaremalta.eu\/?page_id=19421"},"modified":"2024-10-14T08:53:02","modified_gmt":"2024-10-14T08:53:02","slug":"servizi","status":"publish","type":"page","link":"https:\/\/euroimmobiliaremalta.eu\/index.php\/servizi\/","title":{"rendered":"Servizi"},"content":{"rendered":"\t\t<div data-elementor-type=\"wp-page\" data-elementor-id=\"19421\" class=\"elementor elementor-19421\">\n\t\t\t\t\t\t<section class=\"elementor-section elementor-top-section elementor-element elementor-element-db11151 elementor-section-boxed elementor-section-height-default elementor-section-height-default\" data-id=\"db11151\" data-element_type=\"section\" data-e-type=\"section\">\n\t\t\t\t\t\t<div class=\"elementor-container elementor-column-gap-default\">\n\t\t\t\t\t<div class=\"elementor-column elementor-col-100 elementor-top-column elementor-element elementor-element-257c6c9\" data-id=\"257c6c9\" data-element_type=\"column\" data-e-type=\"column\">\n\t\t\t<div class=\"elementor-widget-wrap elementor-element-populated\">\n\t\t\t\t\t\t<div class=\"elementor-element elementor-element-9f90cdf elementor-widget elementor-widget-spacer\" data-id=\"9f90cdf\" data-element_type=\"widget\" data-e-type=\"widget\" data-widget_type=\"spacer.default\">\n\t\t\t\t<div class=\"elementor-widget-container\">\n\t\t\t\t\t\t\t<div class=\"elementor-spacer\">\n\t\t\t<div class=\"elementor-spacer-inner\"><\/div>\n\t\t<\/div>\n\t\t\t\t\t\t<\/div>\n\t\t\t\t<\/div>\n\t\t\t\t<div class=\"elementor-element elementor-element-c96ac8b elementor-widget elementor-widget-heading\" data-id=\"c96ac8b\" data-element_type=\"widget\" data-e-type=\"widget\" data-widget_type=\"heading.default\">\n\t\t\t\t<div class=\"elementor-widget-container\">\n\t\t\t\t\t<h2 class=\"elementor-heading-title elementor-size-default\"><span data-elementor-setting-key=\"title\" data-pen-placeholder=\"Digita qui...\" style=\"font-family: var( --e-global-typography-primary-font-family ), Sans-serif;font-weight: var( --e-global-typography-primary-font-weight );font-size: 28px;letter-spacing: normal;text-align: start\"><span data-elementor-setting-key=\"title\" data-pen-placeholder=\"Digita qui...\" style=\"text-align: center\"><span data-elementor-setting-key=\"title\" data-pen-placeholder=\"Digita qui...\" style=\"font-size: 23px;letter-spacing: normal;text-align: start\">Scopri i<\/span><\/span><\/span><b> Servizi <\/b><span style=\"font-size: 23px\">per investire a<\/span><b> Malta!<\/b><\/h2>\t\t\t\t<\/div>\n\t\t\t\t<\/div>\n\t\t\t\t<div class=\"elementor-element elementor-element-d715f49 elementor-widget elementor-widget-spacer\" data-id=\"d715f49\" data-element_type=\"widget\" data-e-type=\"widget\" data-widget_type=\"spacer.default\">\n\t\t\t\t<div class=\"elementor-widget-container\">\n\t\t\t\t\t\t\t<div class=\"elementor-spacer\">\n\t\t\t<div class=\"elementor-spacer-inner\"><\/div>\n\t\t<\/div>\n\t\t\t\t\t\t<\/div>\n\t\t\t\t<\/div>\n\t\t\t\t<div class=\"elementor-element elementor-element-baae188 elementor-widget elementor-widget-text-editor\" data-id=\"baae188\" data-element_type=\"widget\" data-e-type=\"widget\" data-widget_type=\"text-editor.default\">\n\t\t\t\t<div class=\"elementor-widget-container\">\n\t\t\t\t\t\t\t\t\t<p>Malta rappresenta un polo attrattivo per imprenditori e investitori. Qui le politiche governative sono favorevoli allo sviluppo immobiliare, turistico, commerciale, industriale e finanziario, anche grazie alla bassa tassazione. Il servizio di consulenza quindi \u00e8 un aspetto fondamentale per approcciarsi al sistema maltese, indistintamente dall\u2019obiettivo, offriamo servizio per una serie di tematiche.<\/p><ul><li><strong><u>INVESTIMENTI IMMOBILIARI <\/u>\u2013<\/strong> Con l\u2019esperienza maturata direttamente dal nostro gruppo siamo in grado di potervi assistere per operazioni immobiliari di messa a rendita, <a href=\"https:\/\/euroimmobiliaremalta.eu\/index.php\/perche-investire-a-malta\/\">trading immobiliare (scopri di piu \ud83d\udc48\ud83c\udffb)<\/a>, plusvalenze immobiliari, realizzazione di nuove unit\u00e0 immobiliari da sopraelevazione e ovviamente nella realizzazione di nuovi progetti. Il mercato immobiliare a Malta, \u00e8 nel pieno della sua attivit\u00e0 e necessario allo sviluppo del Paese. Nel paese pi\u00f9 forte d\u2019Europa. Qui NON esistono tasse annuali sugli immobili, ne per 1 o 100 propriet\u00e0, ne che si posseggano come persona fisica o come azienda. Le rendite sono tra le pi\u00f9 alte d\u2019Europa.<\/li><\/ul><ul><li><strong><u>GESTIONE IMMOBILI<\/u> \u2013<\/strong> Siamo in grado di prenderci cura dei vostri investimenti immobiliari garantendovi la massima attenzione e disponibilit\u00e0 con l\u2019obiettivo di ottenere il miglior rendimento. Preservare e conservare al meglio le vostre propriet\u00e0.<\/li><\/ul><ul><li><strong><u>APERTURA SOCIETA<\/u>\u2019 \u2013 <\/strong>Le professionalit\u00e0 nel nostro team sono in grado di assistervi passo-passo alla costituzione di una societ\u00e0 LTD o di una PLC. Siamo inoltre in grado di gestire il trasferimento a Malta di una societ\u00e0 gi\u00e0 esistente. La fiscalit\u00e0 maltese \u00e8 la migliore in Europa.<\/li><\/ul><ul><li><strong><u>APERTURA CONTO BANCARIO<\/u> \u2013<\/strong> Grazie alla partnership diretta che abbiamo con un\u2019 istituto bancario locale, siamo in grado di potervi assistere nell\u2019apertura di un conto corrente personale o aziendale.<\/li><\/ul><ul><li><strong><u>ASSISTENZA MUTUO<\/u> \u2013<\/strong> Il sistema bancario maltese non permette ai nuovi investitori di accedere al credito ma solamente dopo aver dimostrato solvibilit\u00e0 e buona condotta, questo avviene generalmente dopo la prima operazione immobiliare compiuta. Per poter quindi offrire la possibilit\u00e0 di ottenere un mutuo anche al primo investimento, abbiamo attivato una partnership con un broker finanziario italiano, il quale ci permetter\u00e0 di ottenere un mutuo di liquidit\u00e0 direttamente da un istituto bancario italiano.<\/li><\/ul><ul><li><strong><u>SEDI OPERATIVE<\/u> \u2013<\/strong> Nel caso specifico che una nuova societ\u00e0 avesse necessit\u00e0 di una sede operativa oltre che legale (abitualmente presso il commercialista), siamo in grado di fornirvi una postazione dedicata esclusiva all\u2019interno di uno spazio coworking da noi realizzato e gestito, il servizio include: cassetta postale esclusiva, targa esclusiva per la postazione, consumi energetici, internet e pulizie. Sarete padroni del vostro spazio H24, 7\/7.<\/li><\/ul><ul><li><strong><u>ASSISTENZA LEGALE<\/u> \u2013<\/strong> Per qualsiasi necessit\u00e0 legata al sistema legale maltese, un nostro membro del gruppo vi guider\u00e0 nelle procedure necessarie ad ottenere le risposte che cercate.<strong>\u00a0<\/strong>Vi possiamo assistere nella registrazione, sia in Malta che in tutti i 27 paesi europei, del vostro marchio aziendale collegato alla vostra azienda maltese.<\/li><\/ul><ul><li><strong><u>PROCESSO DI RESIDENZA<\/u> \u2013<\/strong> L\u2019iter utile ad ottenere il permesso di soggiorno e relativa residenza con la carta d\u2019identit\u00e0 maltese.<\/li><\/ul><ul><li><strong><u>DICHIARAZIONE DEI REDDITI<\/u> \u2013<\/strong> Grazie alla collaborazione instaurata con un commercialista italiano specializzato nella gestione di sistemi fiscali internazionali, siamo in grado di offrire un servizio mirato ed esclusivo a tutti i cittadini residenti in Italia che necessitano di consulenza inerente la compilazione e la presentazione della dichiarazione dei redditi con proventi dall\u2019estero. Un servizio dedicato a tutti i residenti italiani che operano in ambito internazionale.<\/li><\/ul><p>In via definitiva le nostre competenze sono arricchite dalle professionalit\u00e0 presenti nel nostro Gruppo <a href=\"https:\/\/euroimmobiliaremalta.eu\/index.php\/chi-siamo\/\">(Scopri chi siamo)<\/a>. La capacit\u00e0 di analizzare ogni situazione, studiandone i dettagli, fornendo risposte e consigliando le migliori strategie per poter operare in piena autonomia.<\/p><p>Seguici per rimanere aggiornato sul mercato di Malta!<\/p><p><span style=\"text-decoration: underline;\">Instagram<\/span>:\u00a0<a style=\"font-family: var( --e-global-typography-text-font-family ), Sans-serif;\" href=\"https:\/\/www.instagram.com\/euroimmobiliare_malta\" target=\"_blank\" rel=\"noopener\">euroimmobiliare_malta<\/a><\/p><p><span style=\"text-decoration: underline;\">Facebook<\/span>:\u00a0<a style=\"font-family: var( --e-global-typography-text-font-family ), Sans-serif;\" href=\"https:\/\/www.facebook.com\/euroimmobiliare.official\/\" target=\"_blank\" rel=\"noopener\">Euroimmobiliare<\/a><\/p><p><span style=\"text-decoration: underline;\">Tel<\/span>: <a href=\"tel:%2B39+030363648\">+39 030 36 36 48<\/a><\/p>\t\t\t\t\t\t\t\t<\/div>\n\t\t\t\t<\/div>\n\t\t\t\t<div class=\"elementor-element elementor-element-3bcb47c elementor-widget elementor-widget-Wpresidence_Full_Map\" data-id=\"3bcb47c\" data-element_type=\"widget\" data-e-type=\"widget\" data-widget_type=\"Wpresidence_Full_Map.default\">\n\t\t\t\t<div class=\"elementor-widget-container\">\n\t\t\t\t\t<!-- Google Map -->\n\n\n\n<div id=\"gmap_wrapper\"  class=\" with_open_street \" data-post_id=\"19421\" data-cur_lat=\"\" data-cur_long=\"\" style=\"height:450px\"  >\n    \n        \n    <div id=\"googleMap\" class=\"\" style=\"height:450px\">   \n    <\/div>    \n\n    <div class=\"tooltip\"> click to enable zoom<\/div>\n\n    <div id=\"gmap-loading\">loading... \n       <div class=\"new_prelader\"><\/div>\n    <\/div>\n\n\n    <div id=\"gmap-noresult\">\n       We didn&#039;t find any results    <\/div>\n\n\n    <div class=\"gmap-controls  with_open_street  \">\n     <div id=\"openmap\"><i class=\"fas fa-angle-down\"><\/i>open map<\/div>    <div id=\"gmap-control\">\n        <span  id=\"map-view\"><i class=\"far fa-image\"><\/i>View<\/span>\n        <div class=\"wpresidence_map_styles_wrapper\">\n            <span id=\"map-view-roadmap\"     class=\"map-type\">Roadmap<\/span>\n            <span id=\"map-view-satellite\"   class=\"map-type\">Satellite<\/span>\n            <span id=\"map-view-hybrid\"      class=\"map-type\">Hybrid<\/span>\n            <span id=\"map-view-terrain\"     class=\"map-type\">Terrain<\/span>\n        <\/div>\n        <span  id=\"geolocation-button\"><i class=\"fas fa-map-marker-alt\"><\/i>My Location<\/span>\n        <span  id=\"gmap-full\" ><i class=\"fas fa-arrows-alt\"><\/i>Fullscreen<\/span>\n                <span  id=\"gmap-prev\"><i class=\"fas fa-chevron-left\"><\/i>Prev<\/span>\n            <span  id=\"gmap-next\" >Next<i class=\"fas fa-chevron-right\"><\/i><\/span>\n\n        <\/div>\n\n    \n\n    <div id=\"gmapzoomplus\"><i class=\"fas fa-plus\"><\/i> <\/div>\n    <div id=\"gmapzoomminus\"><i class=\"fas fa-minus\"><\/i><\/div>\n\n    \n    <\/div>\n \n\n<\/div>    \n<!-- END Google Map --> <div id=\"wpestate_full_map_control_data\"  data-zoom=\"20\"><\/div><script type=\"text\/javascript\">\n                    \/\/<![CDATA[\n                    var is_map_shortcode=1;\n                    var map_style_shortcode=\"\";jQuery(document).ready(function(){\n\n                        if (typeof google === \"object\" && typeof google.maps === \"object\") {\n                            google.maps.event.addDomListener(window, \"load\", wpresidence_initialize_map_contact);\n                        }else{\n                            wpresidence_initialize_map_contact_leaflet();\n                             setTimeout(function(){map.invalidateSize();  },1000)\n                        }\n                    });\n                    \/\/]]>\n                <\/script>\t\t\t\t<\/div>\n\t\t\t\t<\/div>\n\t\t\t\t<div class=\"elementor-element elementor-element-32fe134 elementor-widget elementor-widget-WpResidence_Contact_Form\" data-id=\"32fe134\" data-element_type=\"widget\" data-e-type=\"widget\" data-widget_type=\"WpResidence_Contact_Form.default\">\n\t\t\t\t<div class=\"elementor-widget-container\">\n\t\t\t\t\t<div class=\"wpestate_contact_form_parent shortcode_contact_form sh_form_align_left\">\n                <div class=\"alert-message\" id=\"footer_alert-agent-contact_sh\"><\/div><input style=\"border:1px solid #F06C24 !important;\" placeholder=\"Il tuo nome\" required=\"required\" id=\"foot_contact_name_sh\" name=\"contact_name\" class=\"form-control\" type=\"text\"><input style=\"border:1px solid #F06C24 !important;\" placeholder=\"La tua email\" required=\"required\" id=\"foot_contact_email_sh\" name=\"contact_email\" class=\"form-control wpestate-form-control-sh\" type=\"email\"><input style=\"border:1px solid #F06C24 !important;\" placeholder=\"Il tuo telefono\" required=\"required\" id=\"foot_contact_phone_sh\" name=\"contact_phone\" class=\"form-control wpestate-form-control-sh\" type=\"email\"><textarea style=\"border:1px solid #F06C24 !important;\" placeholder=\"Scrivi il tuo messaggio ...\" required=\"required\" id=\"foot_contact_content_sh\" name=\"contact_content\" class=\"form-control wpestate-form-control-sh\" rows=\"4\"><\/textarea><input type=\"hidden\" name=\"contact_ajax_nonce\" id=\"agent_property_ajax_nonce\" value=\"53fe8f8cd5\" \/>        <div class=\"gpr_wrapper\">\n            <input type=\"checkbox\" role=\"checkbox\" aria-checked=\"false\" \n                   id=\"wpestate_agree_gdpr\" \n                   class=\"wpestate_agree_gdpr\" \n                   name=\"wpestate_agree_gdpr\" \/>\n            <label class=\"wpestate_gdpr_label\" for=\"wpestate_agree_gdpr\">\n                I consent to the \n                <a target=\"_blank\" href=\"https:\/\/euroimmobiliaremalta.eu\/index.php\/privacy-e-cookie-policy\/\">\n                    GDPR Terms                <\/a>\n            <\/label>\n        <\/div>\n        <div class=\"btn-cont\">\n                <button type=\"submit\" id=\"btn-cont-submit_sh\" class=\"wpresidence_button sh_but_normal\">Invia messaggio<\/button>\n                <input type=\"hidden\" value=\"\" name=\"contact_to\">\n                <div class=\"bottom-arrow\"><\/div>\n            <\/div>\n        <\/div><style>\n                .shortcode_contact_form textarea::-webkit-input-placeholder,\n                .shortcode_contact_form input::-webkit-input-placeholder {\n                    color:  !important;\n                }\n            <\/style>\n            <script type=\"text\/javascript\">\n                jQuery(document).ready(function(){\n                    wpestate_contact_us_shortcode();\n                });\n            <\/script>\t\t\t\t<\/div>\n\t\t\t\t<\/div>\n\t\t\t\t\t<\/div>\n\t\t<\/div>\n\t\t\t\t\t<\/div>\n\t\t<\/section>\n\t\t\t\t<\/div>\n\t\t","protected":false},"excerpt":{"rendered":"<p>Scopri i Servizi per investire a Malta! Malta rappresenta un polo attrattivo per imprenditori e investitori. Qui le politiche governative sono favorevoli allo sviluppo immobiliare, turistico, commerciale, industriale e finanziario, anche grazie alla bassa tassazione. Il servizio di consulenza quindi \u00e8 un aspetto fondamentale per approcciarsi al sistema maltese, indistintamente dall\u2019obiettivo, offriamo servizio per una serie di tematiche. INVESTIMENTI IMMOBILIARI \u2013 Con l\u2019esperienza maturata &#8230;<\/p>\n","protected":false},"author":1,"featured_media":0,"parent":0,"menu_order":0,"comment_status":"closed","ping_status":"closed","template":"","meta":{"footnotes":""},"class_list":["post-19421","page","type-page","status-publish","hentry"],"aioseo_notices":[],"_links":{"self":[{"href":"https:\/\/euroimmobiliaremalta.eu\/index.php\/wp-json\/wp\/v2\/pages\/19421","targetHints":{"allow":["GET"]}}],"collection":[{"href":"https:\/\/euroimmobiliaremalta.eu\/index.php\/wp-json\/wp\/v2\/pages"}],"about":[{"href":"https:\/\/euroimmobiliaremalta.eu\/index.php\/wp-json\/wp\/v2\/types\/page"}],"author":[{"embeddable":true,"href":"https:\/\/euroimmobiliaremalta.eu\/index.php\/wp-json\/wp\/v2\/users\/1"}],"replies":[{"embeddable":true,"href":"https:\/\/euroimmobiliaremalta.eu\/index.php\/wp-json\/wp\/v2\/comments?post=19421"}],"version-history":[{"count":47,"href":"https:\/\/euroimmobiliaremalta.eu\/index.php\/wp-json\/wp\/v2\/pages\/19421\/revisions"}],"predecessor-version":[{"id":21173,"href":"https:\/\/euroimmobiliaremalta.eu\/index.php\/wp-json\/wp\/v2\/pages\/19421\/revisions\/21173"}],"wp:attachment":[{"href":"https:\/\/euroimmobiliaremalta.eu\/index.php\/wp-json\/wp\/v2\/media?parent=19421"}],"curies":[{"name":"wp","href":"https:\/\/api.w.org\/{rel}","templated":true}]}}